{"id":19,"date":"2023-03-15T17:49:53","date_gmt":"2023-03-15T15:49:53","guid":{"rendered":"https:\/\/curewe.fi\/?page_id=19"},"modified":"2024-06-09T01:03:34","modified_gmt":"2024-06-08T22:03:34","slug":"news","status":"publish","type":"page","link":"https:\/\/thepaja.zoner.dev\/cuwere\/en\/news\/","title":{"rendered":"News"},"content":{"rendered":"\n<h2 class=\"wp-block-heading\">News<\/h2>\n\n\n\n<p>        <div class=\"article-list\">\r\n                            <div class=\"item article-list-item\">\r\n                    <a href=\"https:\/\/thepaja.zoner.dev\/cuwere\/2025\/06\/special-issue-ethical-issues-in-transforming-music-practices\/\" >\r\n                        <div class=\"image\">\r\n                            <img loading=\"lazy\" decoding=\"async\" width=\"1024\" height=\"1024\" src=\"https:\/\/thepaja.zoner.dev\/cuwere\/wp-content\/uploads\/2025\/06\/509589655_1285219110277729_4402733725433386817_n-1-1024x1024.jpg\" class=\"attachment-medium size-medium wp-post-image\" alt=\"\" srcset=\"https:\/\/thepaja.zoner.dev\/cuwere\/wp-content\/uploads\/2025\/06\/509589655_1285219110277729_4402733725433386817_n-1-1024x1024.jpg 1024w, https:\/\/thepaja.zoner.dev\/cuwere\/wp-content\/uploads\/2025\/06\/509589655_1285219110277729_4402733725433386817_n-1-350x350.jpg 350w, https:\/\/thepaja.zoner.dev\/cuwere\/wp-content\/uploads\/2025\/06\/509589655_1285219110277729_4402733725433386817_n-1-768x768.jpg 768w, https:\/\/thepaja.zoner.dev\/cuwere\/wp-content\/uploads\/2025\/06\/509589655_1285219110277729_4402733725433386817_n-1.jpg 1080w\" sizes=\"auto, (max-width: 1024px) 100vw, 1024px\" \/>                        <\/div>\r\n                        <div class=\"info\">\r\n                            <div class=\"details\">\r\n                                <span class=\"datetime\">24.6.2025<\/span>\r\n                                <span class=\"cats\">\r\n                                    Uncategorized                                <\/span>\r\n                            <\/div>\r\n                            <h2>Special Issue: Ethical Issues in Transforming Music Practices<\/h2>\r\n                            <div class=\"more-wrapper\">\r\n                                <span class=\"more\">Lue lis\u00e4\u00e4 &rarr;<\/span>\r\n                            <\/div>\r\n                        <\/div>\r\n                    <\/a>\r\n                <\/div>\r\n                            <div class=\"item article-list-item\">\r\n                    <a href=\"https:\/\/thepaja.zoner.dev\/cuwere\/en\/2025\/01\/research-showed-group-music-activities-supports-families-living-in-challenging-situations\/\" >\r\n                        <div class=\"image\">\r\n                            <img loading=\"lazy\" decoding=\"async\" width=\"1024\" height=\"683\" src=\"https:\/\/thepaja.zoner.dev\/cuwere\/wp-content\/uploads\/2025\/01\/musiikkikehto-uutinen-kuva-jarkko-mikkonen-1024x683.jpg\" class=\"attachment-medium size-medium wp-post-image\" alt=\"Kuva, jossa lasten k\u00e4si\u00e4 bongorummulla. There are hands of children in a bongo drum.\" srcset=\"https:\/\/thepaja.zoner.dev\/cuwere\/wp-content\/uploads\/2025\/01\/musiikkikehto-uutinen-kuva-jarkko-mikkonen-1024x683.jpg 1024w, https:\/\/thepaja.zoner.dev\/cuwere\/wp-content\/uploads\/2025\/01\/musiikkikehto-uutinen-kuva-jarkko-mikkonen-1200x800.jpg 1200w, https:\/\/thepaja.zoner.dev\/cuwere\/wp-content\/uploads\/2025\/01\/musiikkikehto-uutinen-kuva-jarkko-mikkonen-350x233.jpg 350w, https:\/\/thepaja.zoner.dev\/cuwere\/wp-content\/uploads\/2025\/01\/musiikkikehto-uutinen-kuva-jarkko-mikkonen-768x512.jpg 768w, https:\/\/thepaja.zoner.dev\/cuwere\/wp-content\/uploads\/2025\/01\/musiikkikehto-uutinen-kuva-jarkko-mikkonen-1536x1024.jpg 1536w, https:\/\/thepaja.zoner.dev\/cuwere\/wp-content\/uploads\/2025\/01\/musiikkikehto-uutinen-kuva-jarkko-mikkonen-2048x1365.jpg 2048w\" sizes=\"auto, (max-width: 1024px) 100vw, 1024px\" \/>                        <\/div>\r\n                        <div class=\"info\">\r\n                            <div class=\"details\">\r\n                                <span class=\"datetime\">20.1.2025<\/span>\r\n                                <span class=\"cats\">\r\n                                    Publications                                <\/span>\r\n                            <\/div>\r\n                            <h2>Research showed: group music activities supports families living in challenging situations<\/h2>\r\n                            <div class=\"more-wrapper\">\r\n                                <span class=\"more\">Lue lis\u00e4\u00e4 &rarr;<\/span>\r\n                            <\/div>\r\n                        <\/div>\r\n                    <\/a>\r\n                <\/div>\r\n                            <div class=\"item article-list-item\">\r\n                    <a href=\"https:\/\/thepaja.zoner.dev\/cuwere\/2025\/01\/musiikkikehto-tutkimus-ohjattu-musiikkitoiminta-perhesosiaalityossa-tukee-hyvinvointia\/\" >\r\n                        <div class=\"image\">\r\n                            <img loading=\"lazy\" decoding=\"async\" width=\"1024\" height=\"683\" src=\"https:\/\/thepaja.zoner.dev\/cuwere\/wp-content\/uploads\/2025\/01\/musiikkikehto-uutinen-kuva-jarkko-mikkonen-1024x683.jpg\" class=\"attachment-medium size-medium wp-post-image\" alt=\"Kuva, jossa lasten k\u00e4si\u00e4 bongorummulla. There are hands of children in a bongo drum.\" srcset=\"https:\/\/thepaja.zoner.dev\/cuwere\/wp-content\/uploads\/2025\/01\/musiikkikehto-uutinen-kuva-jarkko-mikkonen-1024x683.jpg 1024w, https:\/\/thepaja.zoner.dev\/cuwere\/wp-content\/uploads\/2025\/01\/musiikkikehto-uutinen-kuva-jarkko-mikkonen-1200x800.jpg 1200w, https:\/\/thepaja.zoner.dev\/cuwere\/wp-content\/uploads\/2025\/01\/musiikkikehto-uutinen-kuva-jarkko-mikkonen-350x233.jpg 350w, https:\/\/thepaja.zoner.dev\/cuwere\/wp-content\/uploads\/2025\/01\/musiikkikehto-uutinen-kuva-jarkko-mikkonen-768x512.jpg 768w, https:\/\/thepaja.zoner.dev\/cuwere\/wp-content\/uploads\/2025\/01\/musiikkikehto-uutinen-kuva-jarkko-mikkonen-1536x1024.jpg 1536w, https:\/\/thepaja.zoner.dev\/cuwere\/wp-content\/uploads\/2025\/01\/musiikkikehto-uutinen-kuva-jarkko-mikkonen-2048x1365.jpg 2048w\" sizes=\"auto, (max-width: 1024px) 100vw, 1024px\" \/>                        <\/div>\r\n                        <div class=\"info\">\r\n                            <div class=\"details\">\r\n                                <span class=\"datetime\">20.1.2025<\/span>\r\n                                <span class=\"cats\">\r\n                                    Julkaisut                                <\/span>\r\n                            <\/div>\r\n                            <h2>Tutkimus: ohjattu musiikkitoiminta perhesosiaality\u00f6ss\u00e4 tukee hyvinvointia<\/h2>\r\n                            <div class=\"more-wrapper\">\r\n                                <span class=\"more\">Lue lis\u00e4\u00e4 &rarr;<\/span>\r\n                            <\/div>\r\n                        <\/div>\r\n                    <\/a>\r\n                <\/div>\r\n                            <div class=\"item article-list-item\">\r\n                    <a href=\"https:\/\/thepaja.zoner.dev\/cuwere\/2025\/01\/kohtaamisia-musiikin-maailmassa-uusi-julkaisu\/\" >\r\n                        <div class=\"image\">\r\n                            <img loading=\"lazy\" decoding=\"async\" width=\"1024\" height=\"625\" src=\"https:\/\/thepaja.zoner.dev\/cuwere\/wp-content\/uploads\/2025\/01\/kohtaamisia-musiikin-maailmassa-kansi-1024x625.png\" class=\"attachment-medium size-medium wp-post-image\" alt=\"Kirjan kansi, jossa vihre\u00e4ll\u00e4 pohjalla valkoinen teksti &quot;Kohtaamisia musiikin maailmassa&quot; sek\u00e4 tyyliteltyj\u00e4 viivoja, jotka muodostavat nuottia muistuttavia kuvioita.\" srcset=\"https:\/\/thepaja.zoner.dev\/cuwere\/wp-content\/uploads\/2025\/01\/kohtaamisia-musiikin-maailmassa-kansi-1024x625.png 1024w, https:\/\/thepaja.zoner.dev\/cuwere\/wp-content\/uploads\/2025\/01\/kohtaamisia-musiikin-maailmassa-kansi-1200x733.png 1200w, https:\/\/thepaja.zoner.dev\/cuwere\/wp-content\/uploads\/2025\/01\/kohtaamisia-musiikin-maailmassa-kansi-350x214.png 350w, https:\/\/thepaja.zoner.dev\/cuwere\/wp-content\/uploads\/2025\/01\/kohtaamisia-musiikin-maailmassa-kansi-768x469.png 768w, https:\/\/thepaja.zoner.dev\/cuwere\/wp-content\/uploads\/2025\/01\/kohtaamisia-musiikin-maailmassa-kansi.png 1477w\" sizes=\"auto, (max-width: 1024px) 100vw, 1024px\" \/>                        <\/div>\r\n                        <div class=\"info\">\r\n                            <div class=\"details\">\r\n                                <span class=\"datetime\">15.1.2025<\/span>\r\n                                <span class=\"cats\">\r\n                                    Julkaisut                                <\/span>\r\n                            <\/div>\r\n                            <h2>Kohtaamisia musiikin maailmassa &#8211; uusi julkaisu<\/h2>\r\n                            <div class=\"more-wrapper\">\r\n                                <span class=\"more\">Lue lis\u00e4\u00e4 &rarr;<\/span>\r\n                            <\/div>\r\n                        <\/div>\r\n                    <\/a>\r\n                <\/div>\r\n                            <div class=\"item article-list-item\">\r\n                    <a href=\"https:\/\/thepaja.zoner.dev\/cuwere\/2025\/01\/luovuuden-ja-tekoalyn-suhde\/\" target=\"_blank\">\r\n                        <div class=\"image\">\r\n                            <img loading=\"lazy\" decoding=\"async\" width=\"827\" height=\"827\" src=\"https:\/\/thepaja.zoner.dev\/cuwere\/wp-content\/uploads\/2024\/06\/korkeapainetta-logo-podcast-turquoise-bg-white.jpg\" class=\"attachment-medium size-medium wp-post-image\" alt=\"Turkoosi puhekupla, jossa lukee Podcast: Korkeapainetta, n\u00e4k\u00f6kulmia kulttuurihyvinvoinnin edist\u00e4miseen.\" srcset=\"https:\/\/thepaja.zoner.dev\/cuwere\/wp-content\/uploads\/2024\/06\/korkeapainetta-logo-podcast-turquoise-bg-white.jpg 827w, https:\/\/thepaja.zoner.dev\/cuwere\/wp-content\/uploads\/2024\/06\/korkeapainetta-logo-podcast-turquoise-bg-white-350x350.jpg 350w, https:\/\/thepaja.zoner.dev\/cuwere\/wp-content\/uploads\/2024\/06\/korkeapainetta-logo-podcast-turquoise-bg-white-768x768.jpg 768w\" sizes=\"auto, (max-width: 827px) 100vw, 827px\" \/>                        <\/div>\r\n                        <div class=\"info\">\r\n                            <div class=\"details\">\r\n                                <span class=\"datetime\">2.1.2025<\/span>\r\n                                <span class=\"cats\">\r\n                                    Korkeapainetta                                <\/span>\r\n                            <\/div>\r\n                            <h2>Luovuuden ja teko\u00e4lyn suhde<\/h2>\r\n                            <div class=\"more-wrapper\">\r\n                                <span class=\"more\">Lue lis\u00e4\u00e4 &rarr;<\/span>\r\n                            <\/div>\r\n                        <\/div>\r\n                    <\/a>\r\n                <\/div>\r\n                            <div class=\"item article-list-item\">\r\n                    <a href=\"https:\/\/thepaja.zoner.dev\/cuwere\/en\/2024\/12\/impactful-masters-theses-from-crash\/\" >\r\n                        <div class=\"image\">\r\n                            <img loading=\"lazy\" decoding=\"async\" width=\"1024\" height=\"771\" src=\"https:\/\/thepaja.zoner.dev\/cuwere\/wp-content\/uploads\/2024\/12\/CRASH-presentation-event-2024-1024x771.jpg\" class=\"attachment-medium size-medium wp-post-image\" alt=\"Kuvassa iso screen, jossa n\u00e4kyy taideteos. Screenin edess\u00e4 kaksi puhujaa, joita seuraa useita luennon kuuntelijoita istuen. \/ A room with large screen, two speakers and audience. The screen shows artwork with blue and green colours.\" srcset=\"https:\/\/thepaja.zoner.dev\/cuwere\/wp-content\/uploads\/2024\/12\/CRASH-presentation-event-2024-1024x771.jpg 1024w, https:\/\/thepaja.zoner.dev\/cuwere\/wp-content\/uploads\/2024\/12\/CRASH-presentation-event-2024-1200x904.jpg 1200w, https:\/\/thepaja.zoner.dev\/cuwere\/wp-content\/uploads\/2024\/12\/CRASH-presentation-event-2024-350x264.jpg 350w, https:\/\/thepaja.zoner.dev\/cuwere\/wp-content\/uploads\/2024\/12\/CRASH-presentation-event-2024-768x578.jpg 768w, https:\/\/thepaja.zoner.dev\/cuwere\/wp-content\/uploads\/2024\/12\/CRASH-presentation-event-2024-1536x1157.jpg 1536w, https:\/\/thepaja.zoner.dev\/cuwere\/wp-content\/uploads\/2024\/12\/CRASH-presentation-event-2024.jpg 2040w\" sizes=\"auto, (max-width: 1024px) 100vw, 1024px\" \/>                        <\/div>\r\n                        <div class=\"info\">\r\n                            <div class=\"details\">\r\n                                <span class=\"datetime\">15.12.2024<\/span>\r\n                                <span class=\"cats\">\r\n                                    Yleinen                                <\/span>\r\n                            <\/div>\r\n                            <h2>Impactful Master\u2019s theses from CRASH<\/h2>\r\n                            <div class=\"more-wrapper\">\r\n                                <span class=\"more\">Lue lis\u00e4\u00e4 &rarr;<\/span>\r\n                            <\/div>\r\n                        <\/div>\r\n                    <\/a>\r\n                <\/div>\r\n                            <div class=\"item article-list-item\">\r\n                    <a href=\"https:\/\/thepaja.zoner.dev\/cuwere\/2024\/12\/uusia-kulttuurihyvinvointialan-maisteritoita\/\" >\r\n                        <div class=\"image\">\r\n                            <img loading=\"lazy\" decoding=\"async\" width=\"1024\" height=\"771\" src=\"https:\/\/thepaja.zoner.dev\/cuwere\/wp-content\/uploads\/2024\/12\/CRASH-presentation-event-2024-1024x771.jpg\" class=\"attachment-medium size-medium wp-post-image\" alt=\"Kuvassa iso screen, jossa n\u00e4kyy taideteos. Screenin edess\u00e4 kaksi puhujaa, joita seuraa useita luennon kuuntelijoita istuen. \/ A room with large screen, two speakers and audience. The screen shows artwork with blue and green colours.\" srcset=\"https:\/\/thepaja.zoner.dev\/cuwere\/wp-content\/uploads\/2024\/12\/CRASH-presentation-event-2024-1024x771.jpg 1024w, https:\/\/thepaja.zoner.dev\/cuwere\/wp-content\/uploads\/2024\/12\/CRASH-presentation-event-2024-1200x904.jpg 1200w, https:\/\/thepaja.zoner.dev\/cuwere\/wp-content\/uploads\/2024\/12\/CRASH-presentation-event-2024-350x264.jpg 350w, https:\/\/thepaja.zoner.dev\/cuwere\/wp-content\/uploads\/2024\/12\/CRASH-presentation-event-2024-768x578.jpg 768w, https:\/\/thepaja.zoner.dev\/cuwere\/wp-content\/uploads\/2024\/12\/CRASH-presentation-event-2024-1536x1157.jpg 1536w, https:\/\/thepaja.zoner.dev\/cuwere\/wp-content\/uploads\/2024\/12\/CRASH-presentation-event-2024.jpg 2040w\" sizes=\"auto, (max-width: 1024px) 100vw, 1024px\" \/>                        <\/div>\r\n                        <div class=\"info\">\r\n                            <div class=\"details\">\r\n                                <span class=\"datetime\">15.12.2024<\/span>\r\n                                <span class=\"cats\">\r\n                                    Tapahtumat                                <\/span>\r\n                            <\/div>\r\n                            <h2>Uusia kulttuurihyvinvointialan maisterit\u00f6it\u00e4<\/h2>\r\n                            <div class=\"more-wrapper\">\r\n                                <span class=\"more\">Lue lis\u00e4\u00e4 &rarr;<\/span>\r\n                            <\/div>\r\n                        <\/div>\r\n                    <\/a>\r\n                <\/div>\r\n                            <div class=\"item article-list-item\">\r\n                    <a href=\"https:\/\/thepaja.zoner.dev\/cuwere\/en\/2024\/12\/invitation-to-research\/\" >\r\n                        <div class=\"image\">\r\n                            <img loading=\"lazy\" decoding=\"async\" width=\"1024\" height=\"683\" src=\"https:\/\/thepaja.zoner.dev\/cuwere\/wp-content\/uploads\/2024\/05\/creativity-health-and-wellbeing-10-op-1024x683.jpg\" class=\"attachment-medium size-medium wp-post-image\" alt=\"Kuusi opiskelijaa istuu lattialla ja keskustelevat sek\u00e4 tekev\u00e4t muistiinpanoja. Lattialla muistiinpanov\u00e4lineit\u00e4, taustalla tussitaulu, jossa opintoihin liittyvi\u00e4 ohjeita.\" srcset=\"https:\/\/thepaja.zoner.dev\/cuwere\/wp-content\/uploads\/2024\/05\/creativity-health-and-wellbeing-10-op-1024x683.jpg 1024w, https:\/\/thepaja.zoner.dev\/cuwere\/wp-content\/uploads\/2024\/05\/creativity-health-and-wellbeing-10-op-1200x800.jpg 1200w, https:\/\/thepaja.zoner.dev\/cuwere\/wp-content\/uploads\/2024\/05\/creativity-health-and-wellbeing-10-op-350x233.jpg 350w, https:\/\/thepaja.zoner.dev\/cuwere\/wp-content\/uploads\/2024\/05\/creativity-health-and-wellbeing-10-op-768x512.jpg 768w, https:\/\/thepaja.zoner.dev\/cuwere\/wp-content\/uploads\/2024\/05\/creativity-health-and-wellbeing-10-op.jpg 1350w\" sizes=\"auto, (max-width: 1024px) 100vw, 1024px\" \/>                        <\/div>\r\n                        <div class=\"info\">\r\n                            <div class=\"details\">\r\n                                <span class=\"datetime\">13.12.2024<\/span>\r\n                                <span class=\"cats\">\r\n                                    Yleinen                                <\/span>\r\n                            <\/div>\r\n                            <h2>Invitation to Research<\/h2>\r\n                            <div class=\"more-wrapper\">\r\n                                <span class=\"more\">Lue lis\u00e4\u00e4 &rarr;<\/span>\r\n                            <\/div>\r\n                        <\/div>\r\n                    <\/a>\r\n                <\/div>\r\n                            <div class=\"item article-list-item\">\r\n                    <a href=\"https:\/\/thepaja.zoner.dev\/cuwere\/2024\/12\/kutsu-tutkimukseen\/\" >\r\n                        <div class=\"image\">\r\n                            <img loading=\"lazy\" decoding=\"async\" width=\"1024\" height=\"683\" src=\"https:\/\/thepaja.zoner.dev\/cuwere\/wp-content\/uploads\/2024\/05\/creativity-health-and-wellbeing-10-op-1024x683.jpg\" class=\"attachment-medium size-medium wp-post-image\" alt=\"Kuusi opiskelijaa istuu lattialla ja keskustelevat sek\u00e4 tekev\u00e4t muistiinpanoja. Lattialla muistiinpanov\u00e4lineit\u00e4, taustalla tussitaulu, jossa opintoihin liittyvi\u00e4 ohjeita.\" srcset=\"https:\/\/thepaja.zoner.dev\/cuwere\/wp-content\/uploads\/2024\/05\/creativity-health-and-wellbeing-10-op-1024x683.jpg 1024w, https:\/\/thepaja.zoner.dev\/cuwere\/wp-content\/uploads\/2024\/05\/creativity-health-and-wellbeing-10-op-1200x800.jpg 1200w, https:\/\/thepaja.zoner.dev\/cuwere\/wp-content\/uploads\/2024\/05\/creativity-health-and-wellbeing-10-op-350x233.jpg 350w, https:\/\/thepaja.zoner.dev\/cuwere\/wp-content\/uploads\/2024\/05\/creativity-health-and-wellbeing-10-op-768x512.jpg 768w, https:\/\/thepaja.zoner.dev\/cuwere\/wp-content\/uploads\/2024\/05\/creativity-health-and-wellbeing-10-op.jpg 1350w\" sizes=\"auto, (max-width: 1024px) 100vw, 1024px\" \/>                        <\/div>\r\n                        <div class=\"info\">\r\n                            <div class=\"details\">\r\n                                <span class=\"datetime\">12.12.2024<\/span>\r\n                                <span class=\"cats\">\r\n                                    Ajankohtaiset                                <\/span>\r\n                            <\/div>\r\n                            <h2>Kutsu tutkimukseen<\/h2>\r\n                            <div class=\"more-wrapper\">\r\n                                <span class=\"more\">Lue lis\u00e4\u00e4 &rarr;<\/span>\r\n                            <\/div>\r\n                        <\/div>\r\n                    <\/a>\r\n                <\/div>\r\n                    <\/div>\r\n    \r\n    <div class=\"pagination-only-buttons\">\r\n        <span class=\"prevs disabled\">\r\n            <a class=\"button disabled\" href=\"https:\/\/thepaja.zoner.dev\/cuwere\/wp-json\/wp\/v2\/pages\/19\/\">\r\n                <span class=\"sr-only\">Ensimm\u00e4inen<\/span>\r\n                <svg xmlns=\"http:\/\/www.w3.org\/2000\/svg\" width=\"24\" height=\"24\" viewBox=\"0 0 24 24\" fill=\"none\" stroke=\"currentColor\" stroke-width=\"2\" stroke-linecap=\"round\" stroke-linejoin=\"round\">\r\n                    <polyline points=\"11 17 6 12 11 7\" \/>\r\n                    <polyline points=\"18 17 13 12 18 7\" \/>\r\n                <\/svg>\r\n            <\/a>\r\n            <a class=\"button disabled\" href=\"\">\r\n                <span class=\"sr-only\">Edellinen<\/span>\r\n                <svg xmlns=\"http:\/\/www.w3.org\/2000\/svg\" width=\"24\" height=\"24\" viewBox=\"0 0 24 24\" fill=\"none\" stroke=\"currentColor\" stroke-width=\"2\" stroke-linecap=\"round\" stroke-linejoin=\"round\">\r\n                    <polyline points=\"15 18 9 12 15 6\" \/>\r\n                <\/svg>\r\n            <\/a>\r\n        <\/span>\r\n        <span class=\"nexts \">\r\n            <a class=\"button \" href=\"https:\/\/thepaja.zoner.dev\/cuwere\/wp-json\/wp\/v2\/pages\/19\/page\/2\/\">\r\n                <span class=\"sr-only\">Seuraava<\/span>\r\n                <svg xmlns=\"http:\/\/www.w3.org\/2000\/svg\" width=\"24\" height=\"24\" viewBox=\"0 0 24 24\" fill=\"none\" stroke=\"currentColor\" stroke-width=\"2\" stroke-linecap=\"round\" stroke-linejoin=\"round\">\r\n                    <polyline points=\"9 18 15 12 9 6\" \/>\r\n                <\/svg>\r\n            <\/a>\r\n            <a class=\"button \" href=\"https:\/\/thepaja.zoner.dev\/cuwere\/wp-json\/wp\/v2\/pages\/19\/\">\r\n                <span class=\"sr-only\">Viimeinen<\/span>\r\n                <svg xmlns=\"http:\/\/www.w3.org\/2000\/svg\" width=\"24\" height=\"24\" viewBox=\"0 0 24 24\" fill=\"none\" stroke=\"currentColor\" stroke-width=\"2\" stroke-linecap=\"round\" stroke-linejoin=\"round\">\r\n                    <polyline points=\"13 17 18 12 13 7\" \/>\r\n                    <polyline points=\"6 17 11 12 6 7\" \/>\r\n                <\/svg>\r\n            <\/a>\r\n        <\/span>\r\n    <\/div>\r\n\r\n<\/p>\n","protected":false},"excerpt":{"rendered":"<p>News<\/p>\n","protected":false},"author":1,"featured_media":0,"parent":0,"menu_order":0,"comment_status":"closed","ping_status":"closed","template":"","meta":{"_acf_changed":false,"footnotes":""},"class_list":["post-19","page","type-page","status-publish","hentry"],"acf":[],"_links":{"self":[{"href":"https:\/\/thepaja.zoner.dev\/cuwere\/wp-json\/wp\/v2\/pages\/19","targetHints":{"allow":["GET"]}}],"collection":[{"href":"https:\/\/thepaja.zoner.dev\/cuwere\/wp-json\/wp\/v2\/pages"}],"about":[{"href":"https:\/\/thepaja.zoner.dev\/cuwere\/wp-json\/wp\/v2\/types\/page"}],"author":[{"embeddable":true,"href":"https:\/\/thepaja.zoner.dev\/cuwere\/wp-json\/wp\/v2\/users\/1"}],"replies":[{"embeddable":true,"href":"https:\/\/thepaja.zoner.dev\/cuwere\/wp-json\/wp\/v2\/comments?post=19"}],"version-history":[{"count":8,"href":"https:\/\/thepaja.zoner.dev\/cuwere\/wp-json\/wp\/v2\/pages\/19\/revisions"}],"predecessor-version":[{"id":1396,"href":"https:\/\/thepaja.zoner.dev\/cuwere\/wp-json\/wp\/v2\/pages\/19\/revisions\/1396"}],"wp:attachment":[{"href":"https:\/\/thepaja.zoner.dev\/cuwere\/wp-json\/wp\/v2\/media?parent=19"}],"curies":[{"name":"wp","href":"https:\/\/api.w.org\/{rel}","templated":true}]}}