{"id":417,"date":"2023-04-04T10:51:30","date_gmt":"2023-04-04T07:51:30","guid":{"rendered":"https:\/\/curewe.fi\/?page_id=417"},"modified":"2023-04-06T10:28:02","modified_gmt":"2023-04-06T07:28:02","slug":"saavutettavuusseloste","status":"publish","type":"page","link":"https:\/\/thepaja.zoner.dev\/cuwere\/saavutettavuusseloste\/","title":{"rendered":"Saavutettavuusseloste"},"content":{"rendered":"\n<div class=\"wp-block-mytheme-widener page-width width-medium\">\n<h2 class=\"wp-block-heading\">Saavutettavuusseloste<\/h2>\n\n\n\n<p>T\u00e4m\u00e4 saavutettavuusseloste koskee palvelua www.cuwere.fi ja on laadittu 06.04.2023. Palvelua koskee laki digitaalisten palvelujen tarjoamisesta, jossa edellytet\u00e4\u00e4n, ett\u00e4 julkisten verkkopalvelujen on oltava saavutettavia.<\/p>\n\n\n\n<h3 class=\"wp-block-heading\">Vaatimusten t\u00e4ytt\u00e4minen<\/h3>\n\n\n\n<p>cuwere.fi -verkkosivusto t\u00e4ytt\u00e4\u00e4 Lain digitaalisten palvelujen tarjoamisesta 306\/2019 vaatimukset osittain.<\/p>\n\n\n\n<h3 class=\"wp-block-heading\">Ei-saavutettava sis\u00e4lt\u00f6<\/h3>\n\n\n\n<p>K\u00e4ytt\u00e4j\u00e4t saattavat kohdata sivustolla joitakin saavutettavuusongelmia. Seuraavana on luettelo ongelmista, jotka ovat tiedossamme.&nbsp;&nbsp;<\/p>\n\n\n\n<h4 class=\"wp-block-heading\"><strong>Puutteellinen kontrasti<\/strong><\/h4>\n\n\n\n<p>Tekstin ja taustav\u00e4rin kontrasti ei ole kaikissa tapauksissa riitt\u00e4v\u00e4n suuri. Ongelmia esiintyy mm. sivuston alapalkissa. <\/p>\n\n\n\n<h4 class=\"wp-block-heading\">Kuvien tekstivastineet<\/h4>\n\n\n\n<p>Sivuilla on teksti\u00e4 sis\u00e4lt\u00e4vi\u00e4 kuvia tai muita kuin kuvituskuvia, joille ei ole m\u00e4\u00e4ritetty tekstivastineita. Joissain kuvissa kuvan tekstivastine on t\u00e4ysin sama kuin sille m\u00e4\u00e4ritelty kuvateksti. Sivustolla on teksti\u00e4 sis\u00e4lt\u00e4vi\u00e4 kuvia, esim. infografiikkaa, ilman tekstivastineita.<\/p>\n\n\n\n<h3 class=\"wp-block-heading\">Linkit<\/h3>\n\n\n\n<p>Jotkin linkit viev\u00e4t samaan URL osoitteeseen. Linkkien nime\u00e4misess\u00e4 on puutteita. Sivuston sivuilla on voitu k\u00e4ytt\u00e4\u00e4 samaa linkkiteksti\u00e4 linkeiss\u00e4, jotka ohjaavat k\u00e4ytt\u00e4j\u00e4n eri kohteisiin. Kaikki linkkitekstit eiv\u00e4t toimi irrallaan asiayhteydest\u00e4 kuten \u201dtutustu t\u00e4st\u00e4\u201d tai \u201dlue lis\u00e4\u00e4\u201d.\u00a0<\/p>\n\n\n\n<h4 class=\"wp-block-heading\">Otsikoiden k\u00e4ytt\u00f6 ja hierarkia<\/h4>\n\n\n\n<p>Sivujen otsikkotasojen j\u00e4rjestys voi olla joillain verkkopalvelun sivuilla virheellinen. <\/p>\n\n\n\n<h4 class=\"wp-block-heading\">Videoupotukset<\/h4>\n\n\n\n<p>Sivustolla on YouTube-videoupotuksia, joilta puuttuu selitt\u00e4v\u00e4 otsikko (title). Kaikkia sivustolla olevia videoita ei ole tekstitetty. <\/p>\n\n\n\n<h3 class=\"wp-block-heading\">Saavutettavuusselosteen laatiminen<\/h3>\n\n\n\n<p>Palvelun saavutettavuuden on arvioinut ulkopuolinen asiantuntijaorganisaatio. Seloste\u00a0on koottu\u00a0arvion pohjalta. Arviossa esiin tulleet puutteet ja kehitt\u00e4miskohteet saavutettavuuteen on korjattu tai korjataan ensi tilassa edell\u00e4 mainitun mukaisesti.<\/p>\n\n\n\n<h3 class=\"wp-block-heading\">Huomasitko saavutettavuuspuutteen digipalvelussamme? Kerro se meille ja teemme parhaamme puutteen korjaamiseksi<\/h3>\n\n\n\n<h4 class=\"wp-block-heading\">S\u00e4hk\u00f6postilla<\/h4>\n\n\n\n<p>kulttuurihyvinvointi@metropolia.fi<\/p>\n\n\n\n<h3 class=\"wp-block-heading\">Valvontaviranomainen<\/h3>\n\n\n\n<p>Jos huomaat sivustolla saavutettavuusongelmia, anna ensin palautetta meille eli sivuston yll\u00e4pit\u00e4j\u00e4lle. Vastauksessa voi menn\u00e4 14 p\u00e4iv\u00e4\u00e4. Jos et ole tyytyv\u00e4inen saamaasi vastaukseen tai et saa vastausta lainkaan kahden viikon aikana,&nbsp;<a href=\"https:\/\/www.saavutettavuusvaatimukset.fi\/oikeutesi\/\" target=\"_blank\" rel=\"noreferrer noopener\">voit tehd\u00e4 ilmoituksen Etel\u00e4-Suomen aluehallintovirastoon&nbsp;Avautuu uuteen ikkunaan<\/a>. Etel\u00e4-Suomen aluehallintoviraston sivulla kerrotaan tarkasti, miten ilmoituksen voi tehd\u00e4 ja miten asia k\u00e4sitell\u00e4\u00e4n.<\/p>\n\n\n\n<h3 class=\"wp-block-heading\">Valvontaviranomaisen yhteystiedot<\/h3>\n\n\n\n<p>Etel\u00e4-Suomen aluehallintovirasto<br>Saavutettavuuden valvonnan yksikk\u00f6<br>www.saavutettavuusvaatimukset.fi<br>saavutettavuus(at)avi.fi<br>puhelinnumero vaihde 0295 016 000<\/p>\n\n\n\n<div style=\"height:100px\" aria-hidden=\"true\" class=\"wp-block-spacer\"><\/div>\n<\/div>\n","protected":false},"excerpt":{"rendered":"","protected":false},"author":2,"featured_media":0,"parent":0,"menu_order":0,"comment_status":"closed","ping_status":"closed","template":"","meta":{"_acf_changed":false,"footnotes":""},"class_list":["post-417","page","type-page","status-publish","hentry"],"acf":[],"_links":{"self":[{"href":"https:\/\/thepaja.zoner.dev\/cuwere\/wp-json\/wp\/v2\/pages\/417","targetHints":{"allow":["GET"]}}],"collection":[{"href":"https:\/\/thepaja.zoner.dev\/cuwere\/wp-json\/wp\/v2\/pages"}],"about":[{"href":"https:\/\/thepaja.zoner.dev\/cuwere\/wp-json\/wp\/v2\/types\/page"}],"author":[{"embeddable":true,"href":"https:\/\/thepaja.zoner.dev\/cuwere\/wp-json\/wp\/v2\/users\/2"}],"replies":[{"embeddable":true,"href":"https:\/\/thepaja.zoner.dev\/cuwere\/wp-json\/wp\/v2\/comments?post=417"}],"version-history":[{"count":12,"href":"https:\/\/thepaja.zoner.dev\/cuwere\/wp-json\/wp\/v2\/pages\/417\/revisions"}],"predecessor-version":[{"id":630,"href":"https:\/\/thepaja.zoner.dev\/cuwere\/wp-json\/wp\/v2\/pages\/417\/revisions\/630"}],"wp:attachment":[{"href":"https:\/\/thepaja.zoner.dev\/cuwere\/wp-json\/wp\/v2\/media?parent=417"}],"curies":[{"name":"wp","href":"https:\/\/api.w.org\/{rel}","templated":true}]}}